{"id":751,"date":"2026-04-19T13:49:36","date_gmt":"2026-04-19T11:49:36","guid":{"rendered":"https:\/\/portvinsnuden.dk\/shop\/?post_type=product&#038;p=751"},"modified":"2026-04-23T12:20:46","modified_gmt":"2026-04-23T10:20:46","slug":"quinta-da-devesa-40-anos-white-porto","status":"publish","type":"product","link":"https:\/\/portvinsnuden.dk\/shop\/vare\/quinta-da-devesa-40-anos-white-porto\/","title":{"rendered":"Quinta da Devesa, 40 Anos White Porto"},"content":{"rendered":"<p>En sj\u00e6lden og ekstraordin\u00e6r White Port fra den anerkendte Quinta da Devesa ved bredden af Douro-floden. Skabt af omhyggeligt udvalgte druesorter fra den Afm\u00e6rkede Douro-region og naturligt lagret p\u00e5 egetr\u00e6sfade i Quinta da Devesas egne k\u00e6ldre gennem mere end 40 \u00e5r.<\/p>\n<p>Den lange fadlagring har givet vinen en dyb, gylden farve med varme nuancer. N\u00e6sen er kompleks og overd\u00e5dig med aroma af t\u00f8rret frugt, karamel og honning. I munden er den fl\u00f8jlsbl\u00f8d og rund med en bem\u00e6rkelsesv\u00e6rdig, meget lang afslutning \u2014 portvin for den \u00e6gte entusiast.<\/p>\n<p>Smagsprofil<br \/>\nEn gener\u00f8s, men aldrig kl\u00e6brig s\u00f8dme \u00e5bner vinen. Frugten er dybt koncentreret \u2014 dadler, figner og t\u00f8rrede abrikoser viklet ind i lag af valn\u00f8d, karamel og honning. N\u00e6sten frav\u00e6rende tanniner giver en silkebl\u00f8d tekstur, og en diskret syre s\u00f8rger for balance. Kompleksiteten er ekstraordin\u00e6r: hvert glas \u00e5bner sig langsomt og eftersmagen sidder l\u00e6nge.<\/p>\n","protected":false},"excerpt":{"rendered":"<p>En sj\u00e6lden og ekstraordin\u00e6r White Port fra den anerkendte Quinta da Devesa ved bredden af Douro-floden. Skabt af omhyggeligt udvalgte druesorter fra den Afm\u00e6rkede Douro-region og naturligt lagret p\u00e5 egetr\u00e6sfade i Quinta da Devesas egne k\u00e6ldre gennem mere end 40 \u00e5r. Den lange fadlagring har givet vinen en dyb, gylden farve med varme nuancer. N\u00e6sen [&hellip;]<\/p>\n","protected":false},"featured_media":752,"comment_status":"closed","ping_status":"closed","template":"","meta":{"pv_region":"Douro, Portugal","pv_style":"","pv_alcohol":"20% vol.","pv_volume":"500 ml","pv_serving":"10\u201312\u00b0C","pv_vintage":"2023","pv_bottled":"","pv_producer":"Quinta da Devesa","pv_taste_soedme":65,"pv_taste_frugt":55,"pv_taste_tannin":12,"pv_taste_syre":40,"pv_taste_kompleksitet":92},"product_brand":[],"product_cat":[22,25],"product_tag":[],"class_list":{"0":"post-751","1":"product","2":"type-product","3":"status-publish","4":"has-post-thumbnail","6":"product_cat-tawny-port","7":"product_cat-white-port","9":"first","10":"instock","11":"taxable","12":"shipping-taxable","13":"purchasable","14":"product-type-simple"},"_links":{"self":[{"href":"https:\/\/portvinsnuden.dk\/shop\/wp-json\/wp\/v2\/product\/751","targetHints":{"allow":["GET"]}}],"collection":[{"href":"https:\/\/portvinsnuden.dk\/shop\/wp-json\/wp\/v2\/product"}],"about":[{"href":"https:\/\/portvinsnuden.dk\/shop\/wp-json\/wp\/v2\/types\/product"}],"replies":[{"embeddable":true,"href":"https:\/\/portvinsnuden.dk\/shop\/wp-json\/wp\/v2\/comments?post=751"}],"wp:featuredmedia":[{"embeddable":true,"href":"https:\/\/portvinsnuden.dk\/shop\/wp-json\/wp\/v2\/media\/752"}],"wp:attachment":[{"href":"https:\/\/portvinsnuden.dk\/shop\/wp-json\/wp\/v2\/media?parent=751"}],"wp:term":[{"taxonomy":"product_brand","embeddable":true,"href":"https:\/\/portvinsnuden.dk\/shop\/wp-json\/wp\/v2\/product_brand?post=751"},{"taxonomy":"product_cat","embeddable":true,"href":"https:\/\/portvinsnuden.dk\/shop\/wp-json\/wp\/v2\/product_cat?post=751"},{"taxonomy":"product_tag","embeddable":true,"href":"https:\/\/portvinsnuden.dk\/shop\/wp-json\/wp\/v2\/product_tag?post=751"}],"curies":[{"name":"wp","href":"https:\/\/api.w.org\/{rel}","templated":true}]}}